9 divide 218585576?
True
Does 2974 divide 177741110?
True
Does 158 divide 139460438?
True
Is 493169825 a multiple of 485?
True
Is 453285806 a multiple of 458?
True
Is 15 a factor of 206003805?
True
Is 192262569 a multiple of 95?
False
Is 466163177 a multiple of 3045?
False
Does 1023 divide 33073119?
False
Is 18468207 even?
False
Does 81 divide 276855066?
False
Is 19385043 a multiple of 67?
True
Does 4037 divide 287474770?
True
Does 101 divide 12608840?
True
Is 14 a factor of 1717540468?
True
Is 1743996921 a multiple of 789?
True
Is 664 a factor of 1187284456?
True
Does 103 divide 7509009?
True
Is 1543 a factor of 156770183?
False
Is 1376 a factor of 3729199?
False
Does 3281 divide 120101005?
True
Is 3653 a factor of 408540561?
True
Is 5 a factor of 553018545?
True
Is 88425486 a multiple of 222?
True
Does 55 divide 41181802?
False
Is 137 a factor of 2020663416?
True
Is 15471808 a multiple of 1541?
False
Does 351 divide 43171153?
False
Is 1332 a factor of 16671312?
True
Does 840 divide 19343546?
False
Is 9 a factor of 127189764?
True
Does 1154 divide 14338450?
True
Does 1838 divide 41919298?
False
Does 33 divide 238142850?
True
Is 3478 a factor of 240491288?
False
Is 135649269 a multiple of 27?
True
Is 696357904 a multiple of 1441?
False
Is 114277384 a multiple of 45?
False
Is 3382 a factor of 3327888?
True
Is 9040922 a multiple of 1006?
True
Is 289318190 a multiple of 7?
True
Is 19 a factor of 12410819?
True
Does 300 divide 9026100?
True
Is 286 a factor of 5559183?
False
Is 16256048 a multiple of 13?
False
Is 45 a factor of 892710326?
False
Is 456 a factor of 1213709347?
False
Does 59 divide 1133094823?
True
Does 5 divide 395491604?
False
Is 1615 a factor of 83154484?
False
Is 23 a factor of 2303161260?
False
Is 5895856113 a multiple of 107?
True
Is 31383023 a multiple of 101?
True
Is 905040297 a multiple of 13?
False
Does 3817 divide 342609310?
False
Does 204 divide 1036624572?
True
Is 15154454 a multiple of 14?
True
Does 2 divide 4145736?
True
Is 916 a factor of 5219242659?
False
Is 165 a factor of 115689090?
True
Does 35 divide 1788584364?
False
Is 54841389 a multiple of 34?
False
Is 1428 a factor of 39544008?
False
Does 6 divide 290457623?
False
Is 427 a factor of 1131114679?
False
Does 61 divide 1924283674?
True
Is 55769467 a multiple of 262?
False
Does 244 divide 141387264?
True
Is 860073662 a multiple of 22?
False
Is 24952679 a multiple of 138?
False
Is 6224775 a multiple of 4?
False
Is 30574864 a multiple of 24?
False
Does 1584 divide 42160906?
False
Is 184754856 a multiple of 5252?
True
Is 350 a factor of 203382730?
False
Is 476987004 a multiple of 6?
True
Is 146658 a multiple of 6?
True
Does 1567 divide 44790738?
False
Is 33984772 a multiple of 10?
False
Is 21864780 a multiple of 5?
True
Does 9589 divide 747714284?
False
Does 4425 divide 619933650?
True
Does 17 divide 62159484?
False
Does 45 divide 162496890?
True
Is 45 a factor of 54466020?
True
Is 90 a factor of 27225990?
True
Is 186 a factor of 1779451398?
True
Does 85 divide 449638794?
False
Is 438 a factor of 68763810?
True
Is 15 a factor of 84573117?
False
Is 20145176 a multiple of 119?
False
Does 764 divide 149836827?
False
Does 220 divide 970273480?
True
Is 49473312 a multiple of 332?
True
Is 1517 a factor of 46976939?
True
Is 38 a factor of 143648227?
False
Is 6 a factor of 351438468?
True
Is 9136922 a multiple of 29?
False
Does 22 divide 1886193861?
False
Does 498 divide 161405286?
True
Is 1213742463 a multiple of 9?
False
Is 37 a factor of 100865478?
True
Is 72 a factor of 93911976?
True
Is 2044 a factor of 45538276?
True
Does 9 divide 510645843?
True
Does 997 divide 36001670?
True
Is 923848740 a multiple of 2342?
True
Is 329030812 a multiple of 8?
False
Is 246829986 a multiple of 26?
True
Is 74 a factor of 4551184?
False
Is 548378415 a multiple of 12?
False
Does 2882 divide 479515806?
True
Does 136 divide 58477824?
True
Does 1305 divide 351116598?
False
Does 34 divide 972758190?
True
Is 446 a factor of 12638302?
True
Is 34 a factor of 167998463?
False
Is 80132591 a multiple of 1356?
False
Is 393637439 a multiple of 2687?
True
Is 516035715 a multiple of 195?
True
Is 15259647 a multiple of 10?
False
Does 199 divide 38782712?
True
Is 356214254 a multiple of 8206?
True
Is 447884125 a multiple of 1105?
True
Does 10 divide 5714959?
False
Does 3366 divide 2136992167?
False
Does 12 divide 180598538?
False
Does 9 divide 41356831?
False
Is 141 a factor of 279555201?
True
Does 2372 divide 58979039?
False
Does 31 divide 176822982?
False
Is 1324 a factor of 1413827740?
False
Is 13386516 a multiple of 156?
True
Does 11 divide 4536029674?
True
Does 93 divide 4227772?
False
Does 86 divide 172288467?
False
Is 364985082 a multiple of 7?
True
Is 26134816 a multiple of 16?
True
Is 1097 a factor of 1263917959?
False
Does 152 divide 191606098?
False
Is 32355988 a multiple of 2653?
True
Does 11 divide 45444144?
False
Is 14 a factor of 67505786?
False
Does 19 divide 12525588?
False
Is 498429192 a multiple of 1294?
False
Is 41 a factor of 2214213528?
True
Is 71536927 a multiple of 7?
True
Is 6361069 a multiple of 4?
False
Does 269 divide 280860967?
False
Is 1435310844 a multiple of 627?
True
Is 597810082 a multiple of 4079?
True
Is 54676860 a multiple of 420?
True
Does 95 divide 861820905?
True
Does 63 divide 42812658?
True
Is 6 a factor of 53938414?
False
Is 272229386 a multiple of 426?
False
Does 56 divide 145139805?
False
Is 203 a factor of 211854454?
True
Is 4303 a factor of 278325317?
False
Does 315 divide 282886065?
True
Does 196 divide 12149704?
False
Does 42 divide 154972119?
False
Does 4174 divide 2429131030?
False
Does 32 divide 131025248?
True
Is 70405056 a multiple of 64?
True
Does 7 divide 142621549?
True
Is 82110456 a multiple of 3?
True
Is 8 a factor of 738874976?
True
Is 2918755 a multiple of 62?
False
Is 23939383 a multiple of 13?
True
Does 179 divide 603690?
False
Does 1983 divide 80097336?
True
Is 40 a factor of 366407320?
True
Is 19221168 a multiple of 21?
False
Does 3 divide 3972949?
False
Does 151 divide 15424046?
True
Is 771864000 a multiple of 725?
True
Is 3302 a factor of 671205638?
False
Is 801561441 a multiple of 3?
True
Is 72 a factor of 123840?
True
Is 409 a factor of 57506201?
False
Is 106266102 a multiple of 33?
False
Is 542561953 a multiple of 289?
True
Is 95440440 a multiple of 16?
False
Is 103 a factor of 164662804?
True
Does 183 divide 227799715?
False
Is 396 a factor of 2300053?
False
Is 100 a factor of 16121129?
False
Does 8 divide 113800882?
False
Does 23 divide 143894532?
True
Is 13822296 a multiple of 1520?
False
Is 13 a factor of 12444107?
True
Does 1376 divide 597075925?
False
Is 680 a factor of 119475630?
False
Does 9007 divide 1470252386?
False
Does 4 divide 2513216?
True
Is 289 a factor of 94217831?
False
Is 73 a factor of 114914556?
True
Does 2167 divide 3910516192?
True
Does 518 divide 316807?
False
Does 22 divide 70289?
False
Does 6 divide 90819311?
False
Does 5 divide 97817412?
False
Is 9695610 a multiple of 16?
False
Is 24 a factor of 236826619?
False
Is 14834302 a multiple of 1099?
True
Is 87548406 a multiple of 22?
True
Is 504980763 a multiple of 37?
False
Is 269 a factor of 526369672?
False
Is 939938996 a multiple of 2765?
False
Does 12 divide 412017603?
False
Is 3 a factor of 53144764?
False
Is 49795799 a multiple of 1326?
False
Is 173624184 a multiple of 692?
True
Does 134 divide 914249036?
True
Is 2208 a factor of 1114972826?
False
Is 4 a factor of 53435527?
False
Does 12 divide 42831075?
False
Is 12 a factor of 18352405?
False
Is 91 a factor of 18935057?
False
Does 493 divide 107942843?
True
Does 21 divide 15467077?
False
Does 6 divide 7984973?
False
Does 684 divide 34650902?
False
Is 1223 a factor of 372721480?
True
Is 807936225 a multiple of 7?
False
Is 327 a factor of 56848297?
False
Is 52 a factor of 31450796?
True
Is 1414 a factor of 11077276?
True
Is 23 a factor of 3656257882?
True
Is 53188899 a multiple of 813?
True
Is 8507520 a multiple of 320?
True
Does 879 divide 21064593?
False
Is 64 a factor of 31201184?
False
Does 57 divide 129641142?
True
Is 227 a factor of 9775528?
True
Is 2981 a factor of 1342505274?
True
Is 61129012 a multiple of 1358?
True
Is 1812 a factor of 758131826?
False
Is 373045824 a multiple of 100?
False
Is 64